225 and 4830615?
45
Calculate the highest common divisor of 325 and 276550.
25
Calculate the highest common factor of 1456 and 1269856.
112
What is the highest common divisor of 104125 and 13486025?
1225
What is the greatest common divisor of 65856513 and 1356?
339
What is the highest common factor of 15713905 and 44530?
305
Calculate the greatest common factor of 290078 and 18146.
86
What is the greatest common factor of 656 and 291218654?
82
What is the greatest common factor of 472461 and 11433?
309
What is the greatest common factor of 407519 and 259?
7
Calculate the greatest common divisor of 31488 and 153312.
96
What is the greatest common factor of 2936690 and 22385?
185
What is the greatest common divisor of 9964 and 470684414?
4982
Calculate the greatest common factor of 23 and 14137.
1
What is the greatest common factor of 437 and 1301862767?
437
Calculate the greatest common factor of 354 and 39694138.
118
Calculate the greatest common divisor of 11398 and 105918.
278
What is the greatest common factor of 4830 and 19974120?
690
What is the greatest common divisor of 200196341 and 3413?
3413
What is the highest common divisor of 78845844 and 108?
12
What is the greatest common divisor of 294539943 and 629?
629
Calculate the highest common factor of 135141741 and 63.
63
What is the greatest common factor of 39100 and 3404?
92
What is the greatest common factor of 16 and 283976?
8
What is the greatest common divisor of 220981 and 2966307?
1613
What is the greatest common divisor of 38587 and 125?
1
What is the greatest common factor of 11084 and 77639?
17
What is the greatest common factor of 3538459 and 7472?
467
Calculate the highest common factor of 3458 and 1179573941.
1729
Calculate the greatest common divisor of 21138555 and 45.
15
Calculate the greatest common divisor of 20739 and 3910528.
223
What is the greatest common factor of 313083 and 56889?
387
What is the highest common divisor of 55944 and 13511808?
2664
What is the greatest common divisor of 1328 and 6256?
16
What is the highest common factor of 22448 and 12476879?
1403
Calculate the highest common divisor of 3645 and 5581185.
15
Calculate the greatest common factor of 58931 and 496.
31
What is the greatest common factor of 104 and 14833136?
8
Calculate the greatest common divisor of 759108 and 29204.
196
Calculate the highest common divisor of 50 and 3450340.
10
What is the highest common divisor of 457958 and 5421757?
3881
Calculate the greatest common divisor of 296 and 4218037.
37
Calculate the greatest common factor of 2049984 and 5327823.
10677
What is the highest common factor of 233 and 2344460213?
233
What is the highest common factor of 93092 and 29437200?
2516
What is the highest common factor of 500 and 4924176?
4
What is the greatest common divisor of 157866397 and 25545?
1703
Calculate the greatest common divisor of 34405 and 1638595.
35
What is the greatest common divisor of 7425 and 1496825?
275
What is the greatest common factor of 21291 and 761946?
453
What is the highest common divisor of 22014 and 85437557?
1223
What is the greatest common factor of 15570200 and 1517650?
6350
What is the highest common divisor of 55 and 17826611?
11
Calculate the highest common divisor of 3743 and 126844.
19
Calculate the highest common divisor of 97224 and 1866.
6
What is the greatest common divisor of 6146 and 1827322?
14
What is the greatest common divisor of 48807 and 111707?
17
Calculate the highest common factor of 4467819 and 887.
887
Calculate the greatest common divisor of 2 and 5950963.
1
Calculate the greatest common factor of 7169656 and 33800.
1352
What is the greatest common divisor of 105 and 2852661?
21
Calculate the greatest common divisor of 96 and 24390348.
12
What is the highest common factor of 132 and 1291092?
132
What is the greatest common factor of 630942 and 4498?
26
Calculate the greatest common divisor of 277189 and 188936.
1243
What is the highest common divisor of 26929380 and 61842?
5622
Calculate the greatest common factor of 7 and 11432183.
7
Calculate the highest common factor of 60579 and 2217573.
477
Calculate the greatest common factor of 24160340 and 80.
20
What is the highest common divisor of 18799725 and 15?
15
Calculate the highest common factor of 198 and 29186938.
22
What is the highest common factor of 176242 and 5522?
22
What is the greatest common factor of 2000430 and 187137?
6453
What is the highest common factor of 233450915 and 25325?
5065
Calculate the highest common factor of 330 and 76431630.
330
Calculate the greatest common factor of 8 and 63478888.
8
Calculate the highest common divisor of 14392 and 27269242.
3598
Calculate the greatest common factor of 166698 and 8022.
42
Calculate the greatest common divisor of 5733969 and 897.
69
Calculate the greatest common divisor of 14 and 2194254.
2
What is the highest common factor of 182 and 5949034?
182
What is the greatest common divisor of 659256 and 16224?
312
Calculate the greatest common divisor of 40586 and 42952.
182
What is the greatest common factor of 4139524 and 9392?
2348
What is the highest common divisor of 1034792 and 3784?
88
What is the highest common factor of 1470 and 440935908?
294
What is the highest common factor of 10979752 and 28658?
1246
Calculate the highest common divisor of 36153333 and 684.
171
What is the greatest common divisor of 8414218 and 122?
122
Calculate the greatest common divisor of 4914923 and 13663.
13
What is the highest common factor of 31 and 5536693?
31
What is the greatest common factor of 3146 and 35737?
13
What is the highest common factor of 814125 and 66625?
1625
Calculate the greatest common factor of 8157 and 376782706.
2719
What is the greatest common factor of 1788053 and 261?
29
Calculate the greatest common divisor of 20371708 and 896.
28
Calculate the highest common factor of 456464 and 2232688.
752
What is the greatest common factor of 13686723 and 9?
9
What is the greatest common divisor of 697 and 1240742?
41
Calculate the highest common factor of 1284 and 48626364.
1284
What is the highest common divisor of 205742 and 4816?
2
Calculate the greatest common divisor of 475358950 and 550.
550
What is the highest common factor of 1989380 and 10?
10
Calculate the highest common divisor of 3588 and 125706477.
897
Calculate the highest common factor of 12456844 and 4.
4
What is the greatest common divisor of 55173 and 3881667?
159
What is the greatest common factor of 2380758 and 55308?
2514
What is the highest common divisor of 712691504 and 14?
14
What is the greatest common divisor of 1386204 and 54528?
852
What is the greatest common divisor of 82409 and 14278255?
3583
Calculate the highest common divisor of 907270 and 704470.
130
What is the highest common factor of 8082 and 1214?
2
Calculate the highest common divisor of 80602 and 6974816.
422
Calculate the greatest common factor of 2625 and 15186495.
15
Calculate the greatest common divisor of 158 and 1112564426.
158
Calculate the greatest common factor of 17413 and 13469747.
1583
What is the greatest common divisor of 168 and 206468892?
84
What is the greatest common divisor of 10449003 and 477?
159
Calculate the greatest common divisor of 2388 and 6835252.
796
What is the highest common factor of 13928340 and 180?
60
What is the highest common factor of 252 and 950187?
21
What is the highest common factor of 112 and 131156844?
28
What is the highest common factor of 15683428 and 4?
4
Calculate the highest common divisor of 394 and 73114186.
394
What is the highest common factor of 11234108 and 4?
4
Calculate the highest common factor of 556 and 256820.
4
Calculate the greatest common divisor of 9922 and 477322.
82
What is the greatest common divisor of 26879107 and 1597?
1597
Calculate the greatest common divisor of 62980 and 5561.
67
Calculate the highest common divisor of 48124698 and 24.
6
What is the greatest common factor of 175161 and 1892529?
1317
What is the greatest common factor of 215 and 504486965?
215
Calculate the greatest common divisor of 1072006 and 3250.
26
Calculate the highest common factor of 390880588 and 28.
28
What is the highest common factor of 470 and 672216560?
470
What is the greatest common divisor of 1427415 and 17158